{"id":179,"date":"2023-09-27T18:54:21","date_gmt":"2023-09-27T18:54:21","guid":{"rendered":"http:\/\/www.tiyatrococuk.com.tr\/?page_id=179"},"modified":"2024-12-20T05:40:36","modified_gmt":"2024-12-20T05:40:36","slug":"biz-kimiz","status":"publish","type":"page","link":"https:\/\/www.tiyatrococuk.com.tr\/index.php\/biz-kimiz\/","title":{"rendered":"B\u0130Z K\u0130M\u0130Z"},"content":{"rendered":"\n<p><strong>Tiyatro \u00c7ocuk, \u015eefika Y\u0131ld\u0131r\u0131m y\u00f6netiminde 1999 y\u0131l\u0131nda geni\u015f bir yelpazede faaliyete ge\u00e7ti.<\/strong><\/p>\n\n\n\n<p class=\"has-white-background-color has-background\"><strong>Etkinliklerini \u00c7ocuk Tiyatrosu, Yeti\u015fkin Tiyatrosu, Kukla Tiyatrosu, Yay\u0131nc\u0131l\u0131k, \u00c7ocuk Hikaye Kitaplar\u0131 Bas\u0131m, Prod\u00fcksiyon, \u015eenlik Organizasyonlar\u0131, Piknik Organizasyonlar\u0131, Mezuniyet , Animasyonlar, Sahne G\u00f6sterileri, Geleneksel T\u00fcrk Sahne Sanatlar\u0131, ill\u00fczyon Showlar\u0131, \u00c7ocuk Showlar\u0131 alanlar\u0131na yayd\u0131 ve halen faaliyetlerine dev bir kadroyla devam etmekte&#8230;..<\/strong><\/p>\n\n\n\n<p class=\"has-white-background-color has-background\"><\/p>\n\n\n\n<figure class=\"wp-block-image size-large\"><img loading=\"lazy\" decoding=\"async\" width=\"1024\" height=\"724\" src=\"https:\/\/www.tiyatrococuk.com.tr\/wp-content\/uploads\/2024\/12\/Tiyatro-Cocuk-R-Logo-1-png-1024x724.png\" alt=\"\" class=\"wp-image-618\" srcset=\"https:\/\/www.tiyatrococuk.com.tr\/wp-content\/uploads\/2024\/12\/Tiyatro-Cocuk-R-Logo-1-png-1024x724.png 1024w, https:\/\/www.tiyatrococuk.com.tr\/wp-content\/uploads\/2024\/12\/Tiyatro-Cocuk-R-Logo-1-png-300x212.png 300w, https:\/\/www.tiyatrococuk.com.tr\/wp-content\/uploads\/2024\/12\/Tiyatro-Cocuk-R-Logo-1-png-768x543.png 768w, https:\/\/www.tiyatrococuk.com.tr\/wp-content\/uploads\/2024\/12\/Tiyatro-Cocuk-R-Logo-1-png-1536x1086.png 1536w, https:\/\/www.tiyatrococuk.com.tr\/wp-content\/uploads\/2024\/12\/Tiyatro-Cocuk-R-Logo-1-png-24x17.png 24w, https:\/\/www.tiyatrococuk.com.tr\/wp-content\/uploads\/2024\/12\/Tiyatro-Cocuk-R-Logo-1-png-36x25.png 36w, https:\/\/www.tiyatrococuk.com.tr\/wp-content\/uploads\/2024\/12\/Tiyatro-Cocuk-R-Logo-1-png-48x34.png 48w, https:\/\/www.tiyatrococuk.com.tr\/wp-content\/uploads\/2024\/12\/Tiyatro-Cocuk-R-Logo-1-png.png 2000w\" sizes=\"auto, (max-width: 1024px) 100vw, 1024px\" \/><\/figure>\n","protected":false},"excerpt":{"rendered":"<p>Tiyatro \u00c7ocuk, \u015eefika Y\u0131ld\u0131r\u0131m y\u00f6netiminde 1999 y\u0131l\u0131nda geni\u015f bir yelpazede faaliyete ge\u00e7ti. Etkinliklerini \u00c7ocuk Tiyatrosu, Yeti\u015fkin Tiyatrosu, Kukla Tiyatrosu, Yay\u0131nc\u0131l\u0131k, \u00c7ocuk Hikaye Kitaplar\u0131 Bas\u0131m, Prod\u00fcksiyon, &hellip; <\/p>\n","protected":false},"author":1,"featured_media":0,"parent":0,"menu_order":0,"comment_status":"closed","ping_status":"closed","template":"","meta":{"footnotes":""},"class_list":["post-179","page","type-page","status-publish","hentry"],"_links":{"self":[{"href":"https:\/\/www.tiyatrococuk.com.tr\/index.php\/wp-json\/wp\/v2\/pages\/179","targetHints":{"allow":["GET"]}}],"collection":[{"href":"https:\/\/www.tiyatrococuk.com.tr\/index.php\/wp-json\/wp\/v2\/pages"}],"about":[{"href":"https:\/\/www.tiyatrococuk.com.tr\/index.php\/wp-json\/wp\/v2\/types\/page"}],"author":[{"embeddable":true,"href":"https:\/\/www.tiyatrococuk.com.tr\/index.php\/wp-json\/wp\/v2\/users\/1"}],"replies":[{"embeddable":true,"href":"https:\/\/www.tiyatrococuk.com.tr\/index.php\/wp-json\/wp\/v2\/comments?post=179"}],"version-history":[{"count":6,"href":"https:\/\/www.tiyatrococuk.com.tr\/index.php\/wp-json\/wp\/v2\/pages\/179\/revisions"}],"predecessor-version":[{"id":619,"href":"https:\/\/www.tiyatrococuk.com.tr\/index.php\/wp-json\/wp\/v2\/pages\/179\/revisions\/619"}],"wp:attachment":[{"href":"https:\/\/www.tiyatrococuk.com.tr\/index.php\/wp-json\/wp\/v2\/media?parent=179"}],"curies":[{"name":"wp","href":"https:\/\/api.w.org\/{rel}","templated":true}]}}

BİZ KİMİZ

<p><strong>Tiyatro Çocuk, Şefika Yıldırım yönetiminde 1999 yılında geniş bir yelpazede faaliyete geçti.</strong></p>



<p class="has-white-background-color has-background"><strong>Etkinliklerini Çocuk Tiyatrosu, Yetişkin Tiyatrosu, Kukla Tiyatrosu, Yayıncılık, Çocuk Hikaye Kitapları Basım, Prodüksiyon, Şenlik Organizasyonları, Piknik Organizasyonları, Mezuniyet , Animasyonlar, Sahne Gösterileri, Geleneksel Türk Sahne Sanatları, illüzyon Showları, Çocuk Showları alanlarına yaydı ve halen faaliyetlerine dev bir kadroyla devam etmekte&#8230;..</strong></p>



<p class="has-white-background-color has-background"></p>



<figure class="wp-block-image size-large"><img loading="lazy" decoding="async" width="1024" height="724" src="https://www.tiyatrococuk.com.tr/wp-content/uploads/2024/12/Tiyatro-Cocuk-R-Logo-1-png-1024x724.png" alt="" class="wp-image-618" srcset="https://www.tiyatrococuk.com.tr/wp-content/uploads/2024/12/Tiyatro-Cocuk-R-Logo-1-png-1024x724.png 1024w, https://www.tiyatrococuk.com.tr/wp-content/uploads/2024/12/Tiyatro-Cocuk-R-Logo-1-png-300x212.png 300w, https://www.tiyatrococuk.com.tr/wp-content/uploads/2024/12/Tiyatro-Cocuk-R-Logo-1-png-768x543.png 768w, https://www.tiyatrococuk.com.tr/wp-content/uploads/2024/12/Tiyatro-Cocuk-R-Logo-1-png-1536x1086.png 1536w, https://www.tiyatrococuk.com.tr/wp-content/uploads/2024/12/Tiyatro-Cocuk-R-Logo-1-png-24x17.png 24w, https://www.tiyatrococuk.com.tr/wp-content/uploads/2024/12/Tiyatro-Cocuk-R-Logo-1-png-36x25.png 36w, https://www.tiyatrococuk.com.tr/wp-content/uploads/2024/12/Tiyatro-Cocuk-R-Logo-1-png-48x34.png 48w, https://www.tiyatrococuk.com.tr/wp-content/uploads/2024/12/Tiyatro-Cocuk-R-Logo-1-png.png 2000w" sizes="auto, (max-width: 1024px) 100vw, 1024px" /></figure>

<p>Tiyatro Çocuk, Şefika Yıldırım yönetiminde 1999 yılında geniş bir yelpazede faaliyete geçti. Etkinliklerini Çocuk Tiyatrosu, Yetişkin Tiyatrosu, Kukla Tiyatrosu, Yayıncılık, Çocuk Hikaye Kitapları Basım, Prodüksiyon, &hellip; </p>
